d by 101.
59
What is the remainder when 245 is divided by 41?
40
What is the remainder when 207 is divided by 13?
12
What is the remainder when 188 is divided by 27?
26
What is the remainder when 399 is divided by 67?
64
What is the remainder when 624 is divided by 90?
84
What is the remainder when 727 is divided by 13?
12
Calculate the remainder when 291 is divided by 150.
141
Calculate the remainder when 989 is divided by 9.
8
Calculate the remainder when 17 is divided by 4.
1
What is the remainder when 724 is divided by 283?
158
Calculate the remainder when 121 is divided by 39.
4
What is the remainder when 600 is divided by 278?
44
What is the remainder when 552 is divided by 25?
2
Calculate the remainder when 63 is divided by 8.
7
What is the remainder when 143 is divided by 39?
26
What is the remainder when 1779 is divided by 20?
19
What is the remainder when 530 is divided by 56?
26
Calculate the remainder when 645 is divided by 11.
7
What is the remainder when 101 is divided by 56?
45
What is the remainder when 154 is divided by 84?
70
What is the remainder when 2117 is divided by 66?
5
What is the remainder when 553 is divided by 24?
1
Calculate the remainder when 148 is divided by 48.
4
What is the remainder when 356 is divided by 55?
26
Calculate the remainder when 1797 is divided by 29.
28
Calculate the remainder when 276 is divided by 14.
10
What is the remainder when 164 is divided by 10?
4
What is the remainder when 160 is divided by 14?
6
What is the remainder when 3858 is divided by 84?
78
Calculate the remainder when 1594 is divided by 317.
9
Calculate the remainder when 522 is divided by 88.
82
What is the remainder when 1937 is divided by 102?
101
Calculate the remainder when 985 is divided by 19.
16
Calculate the remainder when 1201 is divided by 43.
40
What is the remainder when 699 is divided by 118?
109
Calculate the remainder when 850 is divided by 20.
10
Calculate the remainder when 1974 is divided by 51.
36
What is the remainder when 136 is divided by 30?
16
What is the remainder when 1846 is divided by 610?
16
Calculate the remainder when 2146 is divided by 70.
46
Calculate the remainder when 2233 is divided by 4.
1
Calculate the remainder when 1716 is divided by 52.
0
What is the remainder when 251 is divided by 34?
13
What is the remainder when 81 is divided by 7?
4
What is the remainder when 113 is divided by 24?
17
Calculate the remainder when 3152 is divided by 38.
36
What is the remainder when 4552 is divided by 99?
97
Calculate the remainder when 1257 is divided by 63.
60
What is the remainder when 565 is divided by 174?
43
What is the remainder when 6288 is divided by 143?
139
Calculate the remainder when 431 is divided by 62.
59
What is the remainder when 494 is divided by 49?
4
Calculate the remainder when 3356 is divided by 96.
92
What is the remainder when 1090 is divided by 52?
50
Calculate the remainder when 278 is divided by 94.
90
Calculate the remainder when 2242 is divided by 204.
202
Calculate the remainder when 129 is divided by 9.
3
What is the remainder when 1653 is divided by 36?
33
What is the remainder when 1690 is divided by 4?
2
Calculate the remainder when 32 is divided by 11.
10
Calculate the remainder when 121 is divided by 25.
21
What is the remainder when 835 is divided by 220?
175
What is the remainder when 116 is divided by 9?
8
What is the remainder when 153 is divided by 46?
15
What is the remainder when 14 is divided by 11?
3
Calculate the remainder when 744 is divided by 36.
24
What is the remainder when 126 is divided by 109?
17
What is the remainder when 829 is divided by 267?
28
Calculate the remainder when 298 is divided by 100.
98
What is the remainder when 852 is divided by 283?
3
Calculate the remainder when 176 is divided by 8.
0
What is the remainder when 3375 is divided by 169?
164
Calculate the remainder when 1170 is divided by 69.
66
Calculate the remainder when 966 is divided by 8.
6
What is the remainder when 175 is divided by 5?
0
Calculate the remainder when 12 is divided by 3.
0
Calculate the remainder when 415 is divided by 2.
1
Calculate the remainder when 30 is divided by 8.
6
Calculate the remainder when 349 is divided by 7.
6
What is the remainder when 293 is divided by 75?
68
Calculate the remainder when 43367 is divided by 26.
25
What is the remainder when 136 is divided by 48?
40
What is the remainder when 217 is divided by 90?
37
Calculate the remainder when 3913 is divided by 27.
25
What is the remainder when 102 is divided by 30?
12
Calculate the remainder when 1290 is divided by 15.
0
What is the remainder when 3164 is divided by 18?
14
What is the remainder when 636 is divided by 33?
9
What is the remainder when 108 is divided by 5?
3
Calculate the remainder when 43 is divided by 16.
11
Calculate the remainder when 380 is divided by 22.
6
Calculate the remainder when 550 is divided by 80.
70
What is the remainder when 1065 is divided by 1056?
9
Calculate the remainder when 191 is divided by 18.
11
What is the remainder when 1647 is divided by 543?
18
What is the remainder when 893 is divided by 442?
9
Calculate the remainder when 1334 is divided by 189.
11
Calculate the remainder when 130 is divided by 27.
22
What is the remainder when 1293 is divided by 427?
12
What is the remainder when 535 is divided by 320?
215
What is the remainder when 198 is divided by 8?
6
Calculate the remainder when 3593 is divided by 109.
105
What is the remainder when 82 is divided by 30?
22
Calculate the remainder when 10668 is divided by 10.
8
What is the remainder when 74 is divided by 32?
10
What is the remainder when 2417 is divided by 200?
17
What is the remainder when 31 is divided by 11?
9
What is the remainder when 354 is divided by 16?
2
What is the remainder when 21 is divided by 7?
0
Calculate the remainder when 252 is divided by 37.
30
Calculate the remainder when 186 is divided by 70.
46
Calculate the remainder when 791 is divided by 57.
50
What is the remainder when 232 is divided by 18?
16
What is the remainder when 119 is divided by 20?
19
What is the remainder when 123 is divided by 95?
28
Calculate the remainder when 670 is divided by 112.
110
What is the remainder when 9239 is divided by 8?
7
What is the remainder when 2438 is divided by 40?
38
What is the remainder when 4365 is divided by 56?
53
Calculate the remainder when 154 is divided by 26.
24
Calculate the remainder when 741 is divided by 53.
52
Calculate the remainder when 334 is divided by 14.
12
What is the remainder when 311 is divided by 53?
46
Calculate the remainder when 2181 is divided by 42.
39
What is the remainder when 24 is divided by 10?
4
Calculate the remainder when 3885 is divided by 29.
28
Calculate the remainder when 47 is divided by 14.
5
What is the remainder when 52 is divided by 19?
14
What is the remainder when 2515 is divided by 15?
10
What is the remainder when 10619 is divided by 208?
11
What is the remainder when 120 is divided by 61?
59
Calculate the remainder when 37 is divided by 12.
1
Calculate the remainder when 870 is divided by 35.
30
What is the remainder when 524 is divided by 48?
44
Calculate the remainder when 1867 is divided by 26.
21
Calculate the remainder when 2804 is divided by 51.
50
Calculate the remainder when 52 is divided by 18.
16
Calculate the remainder when 11103 is divided by 9.
6
Calculate the remainder when 134 is divided by 25.
9
What is the remainder when 92 is divided by 17?
7
Calculate the remainder when 29 is divided by 8.
5
What is the remainder when 2320 is divided by 54?
52
What is the remainder when 164 is divided by 135?
29
Calculate the remainder when 1342 is divided by 42.
40
Calculate the remainder when 164 is divided by 21.
17
What is the remainder when 469 is divided by 94?
93
Calculate the remainder when 104 is divided by 35.
34
Calculate the remainder when 5716 is divided by 44.
40
Calculate the remainder when 22147 is divided by 14.
13
Calculate the remainder when 1417 is divided by 20.
17
What is the remainder when 209 is divided by 56?
41
Calculate the remainder when 519 is divided by 178.
163
What is the remainder when 11 is divided by 4?
3
What is the remainder when 1987 is divided by 41?
19
Calculate the remainder